ne y(0).
-535
Let t(l) = l**2 - 18332*l + 91595. Calculate t(5).
-40
Let d(p) = 2159*p**2 + 21549*p + 14. What is d(-10)?
424
Let v(n) = 122750*n - 981989. Give v(8).
11
Let u(y) = -1408*y + 31075. What is u(22)?
99
Let v(k) = k**2 + 10931*k - 394805. What is v(36)?
7
Let l(d) = 1908*d**2 + 38164*d + 7. Give l(-20).
-73
Let l(k) = -6662*k - 453026. Calculate l(-68).
-10
Let h(q) = -790*q + 89275. Calculate h(113).
5
Let f(g) = -20*g**3 - 560*g**2 + 532*g + 14895. Calculate f(-28).
-1
Let u(c) = c**3 - 143*c**2 - 1084*c - 193. Calculate u(-8).
-1185
Let x(c) = -3*c**2 - 8691*c + 210282. Calculate x(24).
-30
Let t(k) = k**3 + 355*k**2 + 10319*k - 5494. Give t(-323).
-3
Let r(v) = -6668*v + 586764. What is r(88)?
-20
Let q(s) = -s**2 + 865*s + 66475. What is q(-71)?
19
Let l(v) = 41*v**2 + 954*v + 1909. Determine l(-2).
165
Let w(s) = 2*s**3 + 1371*s**2 + 2130*s + 53334. Determine w(-684).
-18
Let j(k) = 5541*k - 204971. Give j(37).
46
Let m(r) = 7979*r - 422851. Calculate m(53).
36
Let b(r) = 2*r**3 - 21*r**2 + 547885*r - 5478740. Give b(10).
10
Let b(z) = -907*z - 23499. Determine b(-26).
83
Let s(p) = 10*p**3 + 81*p**2 + 3*p + 43. Give s(-9).
-713
Let s(m) = -46630*m - 233143. Determine s(-5).
7
Let q(c) = 48095*c - 1539104. What is q(32)?
-64
Let u(g) = -8014*g - 29971. Calculate u(-4).
2085
Let c(m) = -12*m**3 - 427*m**2 + 635*m + 175. Calculate c(-37).
-47
Let k(u) = 9*u**3 + 2166*u**2 - 723*u + 61. What is k(-241)?
61
Let m(r) = -r**2 - 382*r + 5107. Give m(13).
-28
Let v(u) = -320*u - 13311. Give v(-41).
-191
Let a(c) = c**3 - 111*c**2 - 702*c - 29696. Give a(119).
54
Let y(r) = -3697*r - 2321733. Calculate y(-628).
-17
Let n(p) = -1566*p - 29735. Determine n(-19).
19
Let p(n) = n**2 + 1171*n + 61392. Calculate p(-55).
12
Let u(t) = -2*t**3 + 37*t**2 - 8*t + 455. Give u(18).
635
Let y(u) = -31*u**2 + 32617*u - 32597. What is y(1)?
-11
Let t(o) = 46768*o - 7249033. Calculate t(155).
7
Let h(y) = 77*y**2 - 148*y + 6. What is h(2)?
18
Let l(q) = 5*q**3 - 180*q**2 - 1229*q - 1333. Give l(42).
-31
Let v(h) = -171313*h + 2055767. Calculate v(12).
11
Let m(x) = 4*x**2 - 416*x + 2114. Give m(5).
134
Let v(g) = -g**3 - 17*g**2 + 56*g + 1661. Determine v(-15).
371
Let k(a) = 6*a**2 + 17515*a - 87728. Calculate k(5).
-3
Let u(h) = 1220*h - 13240. Determine u(11).
180
Let d(y) = y**3 - 47*y**2 - 452*y + 396. What is d(55)?
-264
Let h(r) = 351*r**3 - 7009*r**2 - 256*r + 734. Determine h(20).
14
Let c(u) = -477*u - 29623. Determine c(-62).
-49
Let y(c) = 13*c**2 + 62*c - 96. What is y(0)?
-96
Let o(z) = 295*z - 43355. What is o(147)?
10
Let s(n) = 933*n + 24332. Give s(-26).
74
Let s(a) = a**2 - 3395*a + 37475. Give s(11).
251
Let n(s) = s**3 - 74*s**2 - 5688*s + 122. Determine n(121).
1
Let v(j) = -j**3 + 260*j**2 - 1169*j + 102280. What is v(257)?
-6
Let s(z) = 18*z**3 + 235*z**2 - 44*z - 139. What is s(-13)?
602
Let l(u) = 4*u**2 - 306*u - 4301. What is l(-12)?
-53
Let x(s) = -6793*s**2 - 4207*s - 4208. Calculate x(-1).
-6794
Let c(a) = 128*a**2 + 53762*a + 836. Calculate c(-420).
-4
Let y(u) = 2*u**2 + 736*u + 46623. Calculate y(-81).
129
Let v(a) = 8753*a + 131642. Determine v(-15).
347
Let t(r) = 11*r**3 - 12618*r**2 + 1268*r - 138781. Give t(1147).
6
Let a(f) = -f**3 + 53*f**2 - 343*f - 15. What is a(8)?
121
Let o(x) = 4*x**3 - 370*x**2 - 561*x + 153. What is o(94)?
435
Let n(i) = -3457*i**2 + 179757*i + 316. What is n(52)?
-48
Let j(d) = -10*d**3 - 98*d**2 + 18*d - 21. What is j(-10)?
-1
Let v(y) = -y**3 + 31*y**2 + 487*y + 133. Give v(-11).
-142
Let u(f) = -152746*f - 4887863. Determine u(-32).
9
Let w(t) = -5*t**2 + 54*t - 495. Calculate w(14).
-719
Let m(f) = -7*f**2 + 5441*f + 10886. Give m(-2).
-24
Let p(s) = -s**2 + 294*s - 19141. Calculate p(96).
-133
Let o(n) = -9257*n + 231420. Calculate o(25).
-5
Let l(j) = 696*j + 47411. Give l(-68).
83
Let o(i) = -i**2 - 2091*i - 617674. Calculate o(-356).
-14
Let m(v) = -1021*v - 120462. What is m(-118)?
16
Let i(t) = -2108*t**2 + 12766*t - 410. What is i(6)?
298
Let n(i) = -i**3 + 95*i**2 + 516*i - 278. Give n(100).
1322
Let s(a) = 2*a**3 - 34*a**2 - 24*a + 32. Calculate s(19).
1020
Let t(j) = j**3 + 95*j**2 - 131*j - 29502. Give t(-93).
-21
Let q(p) = -73677*p + 20997943. Calculate q(285).
-2
Let k(v) = -2*v**3 - 33*v**2 + 139*v + 789. Determine k(-19).
-47
Let s(n) = 11264*n - 112615. Determine s(10).
25
Let v(d) = 46047*d - 184178. Give v(4).
10
Let i(q) = 39*q + 3173. Give i(-66).
599
Let r(o) = -o**2 + 2891*o - 856272. Determine r(335).
-12
Let m(f) = 22710*f + 3. Calculate m(0).
3
Let i(j) = -j**3 - 27*j**2 + 90*j - 723. Calculate i(-31).
331
Let r(y) = 3*y**2 - 478*y + 1567. Give r(156).
7
Let r(j) = 488*j**3 + 400*j**2 + 405*j + 3. Calculate r(-1).
-490
Let p(l) = 453989*l + 454031. Determine p(-1).
42
Let k(w) = 2750*w - 2274247. Give k(827).
3
Let f(v) = -12*v**2 - 223*v - 1097. Determine f(-9).
-62
Let a(x) = 632*x**2 + 3843*x + 2. Give a(-7).
4069
Let c(r) = 750*r**3 + 7*r**2 - 34*r - 34. Give c(-1).
-743
Let m(z) = 4*z**3 - 10*z**2 - 44*z + 35. Give m(7).
609
Let g(o) = -49268*o**2 - 443420*o - 74. Calculate g(-9).
-2
Let m(b) = 44*b**2 + 714*b + 155. Calculate m(-16).
-5
Let t(g) = 697*g + 189595. What is t(-272)?
11
Let w(q) = -q**2 - 98*q - 1488. Give w(-22).
184
Let i(f) = -8*f**2 - 2899*f - 7060. What is i(-360)?
-220
Let y(b) = -2*b**3 - 116*b**2 + 343*b + 13132. Determine y(-59).
-143
Let p(n) = 3*n**3 - 829*n**2 - 3935*n + 284. Calculate p(281).
3
Let b(u) = -4*u**2 - 539*u - 1171. What is b(-133)?
-240
Let q(f) = 46*f**3 + 24196*f**2 + 14*f + 7556. Give q(-526).
192
Let d(c) = 4*c**2 - 1675*c + 162541. Give d(266).
15
Let f(p) = -3*p**3 - 51*p**2 + 352*p + 29. Determine f(6).
-343
Let m(g) = 4*g**3 + 1445*g**2 - 9939*g - 1080. Determine m(-368).
24
Let a(u) = -u**3 - 420*u**2 - 36701*u + 655. What is a(-296)?
-233
Let r(v) = 4112*v - 176788. Calculate r(43).
28
Let b(o) = 16*o**2 - 86*o + 57. Determine b(6).
117
Let w(n) = n**3 - 269*n**2 - 678*n + 323604. Calculate w(267).
0
Let i(a) = -33*a**2 + 1312*a - 7315. Give i(33).
44
Let h(f) = -f**2 + 18*f + 2404. Determine h(50).
804
Let p(a) = 2*a**2 + 826*a + 6485. Determine p(-8).
5
Let r(a) = 150938*a - 6792200. Give r(45).
10
Let b(n) = 222*n**2 - 9338*n + 58. Give b(42).
-530
Let j(m) = m**3 - 48*m**2 - 3*m - 588. Give j(48).
-732
Let r(w) = -6*w**2 - 2171*w - 12308. What is r(-356)?
152
Let s(p) = p**3 - 57*p**2 - 35*p + 1904. Calculate s(57).
-91
Let d(m) = 9*m**2 - 83*m + 400. Give d(8).
312
Let c(s) = 12*s**3 - 228*s**2 + 220*s - 91. Determine c(18).
-19
Let b(s) = s**3 - 40*s**2 + 262*s - 4. Give b(8).
44
Let u(r) = -r**3 + 64*r**2 + 753*r - 3205. Determine u(-13).
19
Let q(u) = 2*u**3 - 6*u**2 - 104*u - 175. Calculate q(-2).
-7
Let d(r) = -54*r + 4779. Calculate d(91).
-135
Let s(c) = 3*c**3 + 12*c**2 - 40*c + 62. What is s(-7)?
-99
Let y(d) = -219*d**2 + 1827*d + 19. Give y(8).
619
Let c(h) = -6*h**3 + 52*h**2 + 86*h - 9. What is c(10)?
51
Let l(u) = -2649*u - 190990. Give l(-72).
-262
Let x(z) = 78*z + 1050. Calculate x(-26).
-978
Let z(o) = -7596*o + 2407929. Calculate z(317).
-3
Let l(m) = 72*m**3 - 646*m**2 + 19*m - 334. Determine l(9).
-1
Let p(f) = -f**3 - 24*f**2 - 137*f - 4173. Calculate p(-23).
-1551
Let i(r) = 14*r**2 + 142*r - 499. Give i(-13).
21
Let r(a) = -2748*a + 125. Give r(2).
-5371
Let w(z) = 2*z**3 - 606*z**2 + 241*z - 73028. Give w(303).
-5
Let v(p) = -9*p**2 - 5*p + 411. Give v(-17).
-2105
Let c(k) = -k**2 + 277*k - 10155. Determine c(38).
-1073
Let w(m) = 12*m**2 - 3729*m - 29763. Calculate w(-8).
837
Let h(j) = 311*j + 4798. Determine h(-16).
-178
Let x(j) = -j**3 + 17*j**2 - 110*j + 1297. Determine x(16).
-207
Let l(o) = -o**3 - 389*o**2 + 139819*o - 8001. Give l(-616).
7
Let s(r) = 7910*r - 47355. Determine s(6).
105
Let l(d) = 4*d**2 - 4508*d - 157902. Determine l(-34).
-6
Let n(u) = u**2 - 5718*u + 39969. Calculate n(7).
-8
Let c(q) = -q**3 - 228*q**2 + 249*q + 4573. Determine c(-229).
-7
Let t(h) = 615*h + 8131. What is t(-13)?
136
Let a(d) = 2*d**3 - 41*d - 17. Determine a(-5).
-62
Let k(o) = 923*o - 853. Determine k(1).
70
Let a(r) = -2*r**3 - 6*r**2 - 21*r + 59. What is a(2)?
-23
Let c(a) = -a**2 + 14871*a + 268002. Calculate c(-18).
0
Let j(x) = 1900*x + 78796. Determine j(-41).
8